he highest common factor of z and 36.
18
Let o(b) = b**2 + 2. Let y be o(6). Calculate the highest common divisor of 266 and y.
38
Suppose -289 - 31 = -5*p. What is the greatest common factor of p and 16?
16
Suppose 16 = t + t. Let b = -2 + t. Calculate the highest common factor of 48 and b.
6
Let b = -19 - -21. Suppose 3*o - 3*l + 2*l = 68, 0 = b*o + 5*l - 17. Let w be 41 - (-1 + (-1 - -1)). Calculate the highest common factor of o and w.
21
Let q = 18 + -13. Suppose 0 = q*f - 5*u + 13 - 38, 2*u - 32 = -4*f. Let a = f + -3. What is the highest common factor of 4 and a?
4
Let u(l) = -l**3 - l + 4. Let a be u(0). Suppose 10 = 2*n + 4*w, a*w - 2 = n - 1. Let p be (1 + -2)/(n/(-54)). What is the greatest common divisor of p and 6?
6
Let y be 3/((-4)/8 + 0). Let j be y/6 + (2 - -3). What is the highest common factor of j and 44?
4
Let f(h) be the third derivative of 3/8*h**4 - 5/3*h**3 + 0 + 3*h**2 - 1/60*h**5 + 0*h. Let m be f(7). Calculate the greatest common factor of m and 2.
2
Let g(k) be the third derivative of k**2 + 5/24*k**4 + 0*k + 1/2*k**3 + 1/15*k**5 + 0. Let r be g(-6). What is the greatest common factor of r and 13?
13
Suppose 2*f - 3 - 3 = 0, -4*w + 3*f + 171 = 0. Let p(n) = -n**3 + 13*n**2 + 2*n - 8. Let c be p(13). Calculate the highest common divisor of c and w.
9
Let u be 0/1 - (10 + -88 + -10). Let n(c) = -c**3 + c + 2. Let v be n(-2). What is the highest common divisor of v and u?
8
Let q = -51 - -66. What is the highest common divisor of 6 and q?
3
Let x be (1/(-3))/((-4)/132). Let s = -15 + 15. Suppose s = 5*k - 71 - 39. Calculate the greatest common divisor of x and k.
11
Let m(i) = i**2 + 4*i - 5. Let n be m(5). Suppose y = 5*y + n. Let h = 3 - y. What is the greatest common divisor of 130 and h?
13
Let x be (4/8)/((-1)/(-2)). Let r = x + 9. Calculate the highest common factor of 2 and r.
2
Let a(o) = 32*o. Let m be a(1). What is the greatest common divisor of m and 80?
16
Let v be 0/(-2*(-2)/(-4)). Suppose 0 = -5*g + 5*d + 5, -2*d + 2 = -g - v*d. What is the greatest common divisor of g and 36?
4
Let p be (42/(-10))/((-2)/30) - 3. What is the greatest common factor of p and 24?
12
Let k = 118 + -78. What is the highest common divisor of 8 and k?
8
Let g(f) be the third derivative of f**4/4 - f**3/3 - 2*f**2. Let m be g(3). Suppose 0 = -3*n + m + 14. Calculate the greatest common factor of 90 and n.
10
Let d(j) = 16*j + 5*j + 0 - 3. Let z be d(7). What is the highest common factor of z and 16?
16
Let k(f) = -2*f - 13. Let y be k(-9). What is the greatest common factor of 30 and y?
5
Let t(c) be the third derivative of -c**6/120 - 7*c**5/60 + c**4/8 - c**3/2 - 4*c**2. Let v be t(-8). What is the greatest common factor of 111 and v?
37
Suppose -c = -4*c + 24. Suppose -4*g - 3*o = -5*g + 16, -3*o = g + c. Suppose -g*z + 78 = 22. Calculate the highest common factor of z and 35.
7
Suppose -3*q + 5*u = -20, 3*q + 5*u - 70 = -0*q. What is the greatest common divisor of q and 45?
15
Suppose -z = 2*m - 5*m - 7, 4*z - 67 = -m. What is the greatest common factor of 16 and z?
16
Let x(k) = 3*k**2 + 3*k - 3. Suppose 0 = -5*c - 0*c + 20. Let t be x(c). What is the greatest common factor of 38 and t?
19
Let d(b) be the second derivative of b**5/10 - b**4/12 + b**3/2 - 3*b**2/2 + 6*b. Let m be d(2). What is the highest common divisor of m and 10?
5
Let n(f) = f**2 + 9*f - 10. Let m be n(-12). What is the highest common divisor of m and 13?
13
Let w(s) = 4*s - 10. Let m be w(4). Calculate the greatest common factor of 3 and m.
3
Suppose 5*t + 10 = 2*k + 41, -3*k - t = 55. Let c = -7 - k. What is the highest common divisor of 55 and c?
11
Let d(s) = -s**2 - 25*s - 81. Let p be d(-18). Let g be 10 - -3 - (0 + -2). Calculate the greatest common divisor of g and p.
15
Let b(z) = z**3 - 5*z**2 + z + 2. Let k = -9 - -16. Let u(p) = -p + 12. Let j be u(k). Let g be b(j). Calculate the highest common factor of g and 35.
7
Let u be (143/22)/(2/4). What is the highest common divisor of 91 and u?
13
Let o be (2/(-12) - (-4)/(-8))*-33. What is the highest common factor of o and 55?
11
Suppose 0 = 3*b - 15, -2*n + 6*n + 2*b = 46. Let a be (-12)/42 + 130/14. Calculate the greatest common divisor of a and n.
9
Let r(f) = f**3 + 11*f**2 - 2*f + 11. Let m be r(-11). Calculate the highest common divisor of m and 3.
3
Let t(h) = 16*h - 4. Let w(n) = 3*n - 1. Let p(z) = 2*t(z) - 11*w(z). Let v be p(-2). What is the highest common factor of 45 and v?
5
Suppose 31 - 171 = -5*s. Let c = -7 + s. What is the greatest common divisor of c and 168?
21
Let t = 58 + -6. Let j(w) = -w**3 - 6*w**2 - 3*w - 5. Let c be j(-6). Calculate the highest common divisor of c and t.
13
Let y(d) = 5*d**2. Let h be y(2). What is the highest common factor of 100 and h?
20
Suppose -12*j + 9*j + 105 = 0. Suppose 0 = l + 3*l + 20. Let t = l - -19. What is the greatest common factor of t and j?
7
Suppose 0*g = 2*g + 60. Let z be 2/(-5) + (-282)/g. Calculate the greatest common factor of 3 and z.
3
Let a(d) = -4 + 2*d + 2 + 2. Let k be a(1). Let v be 86/k + 3 + -4. Calculate the greatest common factor of 6 and v.
6
Suppose -5*s = -3*g + 12 - 42, -5*s - 40 = 4*g. Let h be (2/5)/((-2)/g). Calculate the highest common divisor of 5 and h.
1
Suppose 0 = f + 3*f - 52. Let n = -215 - -319. Calculate the greatest common factor of n and f.
13
Let n = 32 - 4. Suppose 0 = -3*c + n + 71. Let y(q) = -q + 11. Let x be y(0). What is the highest common divisor of x and c?
11
Let b be (-163)/(-7) + (-4)/14. Let x = 47 - b. Calculate the greatest common factor of 12 and x.
12
Let m be (-3 + 4)*3/(9/6). What is the highest common divisor of 4 and m?
2
Let m = 171 + -126. What is the highest common factor of 75 and m?
15
Let n(c) = 11*c + 2. Suppose 4*d + 3 = 11. Let x be n(d). What is the highest common factor of 60 and x?
12
Let r be 33/(-12) - 1/4. Let i(k) = 2*k**2 - 4*k - 2. Let p be i(r). Let y be 34/8 - (-2)/(-8). What is the greatest common factor of p and y?
4
Let h = -53 - -37. Let y = 26 + h. Calculate the highest common factor of y and 40.
10
Suppose -3*o - 2*o = -5. Let a be (o/2)/(1/6). Suppose 11 - 2 = a*m, 3*n = -4*m + 42. What is the highest common divisor of 5 and n?
5
Suppose v + 3*v = 8. Suppose v*o + w - 1817 = 0, 0 = -w + 1. Suppose 5*q + 2*t - o = 0, 2*q + t - 541 + 177 = 0. What is the highest common factor of 20 and q?
20
Suppose 3*o + 0*o - 12 = 0. Let z = 91 + -47. What is the greatest common divisor of o and z?
4
Let g(y) = -y**2 - 7*y + 2. Let s be g(-7). Let z = 17 + -14. Calculate the highest common divisor of s and z.
1
Let h = 4 + 52. Suppose 12*g = 16*g - h. Calculate the highest common divisor of 7 and g.
7
Suppose 5*s - 3*m = 588, 2*s + 3*m - 39 = 213. Calculate the highest common factor of s and 24.
24
Let y(q) = q + 4. Let f be y(2). Let h be 256/18 + f/(-27). Calculate the greatest common factor of 154 and h.
14
Let g(y) = -12*y + 11. Let n be g(6). Let v = -40 - n. What is the highest common factor of v and 7?
7
Let i(k) be the second derivative of k**4/6 + 5*k**3/6 - 3*k**2 - 2*k. Let u be i(6). Calculate the greatest common factor of u and 12.
12
Suppose 2*l - 5*t + 12 + 25 = 0, l + 2*t = 4. Let u(r) = r**3 + 7 + r - r + 7*r**2 + 6*r - 4. Let w be u(l). What is the greatest common factor of 15 and w?
3
Suppose 0 = 5*x + 5*y - 35, 2*x + 5*y - 13 - 16 = 0. What is the highest common factor of 4 and x?
2
Suppose -2*x + 3*x = 2. Calculate the greatest common factor of x and 8.
2
Let t(l) = -l**3 - 2*l**2 + 2*l - 3. Let r be t(-4). Let s be (-699)/(-21) + (-6)/r. Calculate the highest common factor of 3 and s.
3
Let y = -21 - -51. Let x = 8 + -5. Let u be 12 + x/(-2)*-2. Calculate the greatest common divisor of y and u.
15
Let g = 63 + -38. Suppose 3*n = 719 + g. Let z be 2/3 - n/(-6). Calculate the highest common factor of 14 and z.
14
Let i = -17 + 42. Calculate the highest common divisor of 200 and i.
25
Let m(n) = -n**3 + 4*n**2 + 11*n - 19. Let r be m(5). What is the highest common divisor of 11 and r?
11
Suppose u = o + 2 + 2, -2*u = -3*o - 11. Suppose -7*q + 8 = -3*q. What is the highest common factor of q and u?
1
Suppose 4*o = -1 + 17, -3*o + 38 = 2*z. What is the highest common factor of z and 2?
1
Suppose 197 = 5*c - 2*x, 4*c + 86 = -4*x + 238. What is the 